{"id":4208,"date":"2024-02-19T13:15:43","date_gmt":"2024-02-19T11:15:43","guid":{"rendered":"https:\/\/romuloparraabogado.jcdigital.es\/wp-content\/uploads\/2024\/02\/TSJ-sentencia-arraigo-laboral-y-asilo.jpg"},"modified":"2024-02-19T13:19:19","modified_gmt":"2024-02-19T11:19:19","slug":"imagenes-de-recurso-del-tribunal-supremo","status":"inherit","type":"attachment","link":"https:\/\/romuloparraabogado.com\/en\/arraigo-laboral-y-asilo-tribunal-supremo-senala-que-no-es-compatible\/imagenes-de-recurso-del-tribunal-supremo","title":{"rendered":"Im\u00e1genes de recurso del Tribunal Supremo"},"author":1,"featured_media":0,"comment_status":"open","ping_status":"closed","template":"","meta":[],"class_list":["post-4208","attachment","type-attachment","status-inherit","hentry"],"aioseo_notices":[],"description":{"rendered":"<p class=\"attachment\"><a href='https:\/\/romuloparraabogado.com\/wp-content\/uploads\/2024\/02\/TSJ-sentencia-arraigo-laboral-y-asilo.jpg'><img fetchpriority=\"high\" decoding=\"async\" width=\"300\" height=\"200\" src=\"https:\/\/romuloparraabogado.com\/wp-content\/uploads\/2024\/02\/TSJ-sentencia-arraigo-laboral-y-asilo-300x200.jpg\" class=\"attachment-medium size-medium\" alt=\"arraigo laboral y asilo sentencia TSJ\" srcset=\"https:\/\/romuloparraabogado.com\/wp-content\/uploads\/2024\/02\/TSJ-sentencia-arraigo-laboral-y-asilo-300x200.jpg 300w, https:\/\/romuloparraabogado.com\/wp-content\/uploads\/2024\/02\/TSJ-sentencia-arraigo-laboral-y-asilo-1024x682.jpg 1024w, https:\/\/romuloparraabogado.com\/wp-content\/uploads\/2024\/02\/TSJ-sentencia-arraigo-laboral-y-asilo-768x512.jpg 768w, https:\/\/romuloparraabogado.com\/wp-content\/uploads\/2024\/02\/TSJ-sentencia-arraigo-laboral-y-asilo-100x67.jpg 100w, https:\/\/romuloparraabogado.com\/wp-content\/uploads\/2024\/02\/TSJ-sentencia-arraigo-laboral-y-asilo-150x100.jpg 150w, https:\/\/romuloparraabogado.com\/wp-content\/uploads\/2024\/02\/TSJ-sentencia-arraigo-laboral-y-asilo-200x133.jpg 200w, https:\/\/romuloparraabogado.com\/wp-content\/uploads\/2024\/02\/TSJ-sentencia-arraigo-laboral-y-asilo-450x300.jpg 450w, https:\/\/romuloparraabogado.com\/wp-content\/uploads\/2024\/02\/TSJ-sentencia-arraigo-laboral-y-asilo-600x400.jpg 600w, https:\/\/romuloparraabogado.com\/wp-content\/uploads\/2024\/02\/TSJ-sentencia-arraigo-laboral-y-asilo-900x600.jpg 900w, https:\/\/romuloparraabogado.com\/wp-content\/uploads\/2024\/02\/TSJ-sentencia-arraigo-laboral-y-asilo.jpg 1250w\" sizes=\"(max-width: 300px) 100vw, 300px\" \/><\/a><\/p>\n"},"caption":{"rendered":""},"alt_text":"arraigo laboral y asilo sentencia TSJ","media_type":"image","mime_type":"image\/jpeg","media_details":{"width":1250,"height":833,"file":"2024\/02\/TSJ-sentencia-arraigo-laboral-y-asilo.jpg","filesize":378462,"sizes":{"medium":{"file":"TSJ-sentencia-arraigo-laboral-y-asilo-300x200.jpg","width":300,"height":200,"filesize":15674,"mime_type":"image\/jpeg","source_url":"https:\/\/romuloparraabogado.com\/wp-content\/uploads\/2024\/02\/TSJ-sentencia-arraigo-laboral-y-asilo-300x200.jpg"},"large":{"file":"TSJ-sentencia-arraigo-laboral-y-asilo-1024x682.jpg","width":1024,"height":682,"filesize":132009,"mime_type":"image\/jpeg","source_url":"https:\/\/romuloparraabogado.com\/wp-content\/uploads\/2024\/02\/TSJ-sentencia-arraigo-laboral-y-asilo-1024x682.jpg"},"thumbnail":{"file":"TSJ-sentencia-arraigo-laboral-y-asilo-150x150.jpg","width":150,"height":150,"filesize":6743,"mime_type":"image\/jpeg","source_url":"https:\/\/romuloparraabogado.com\/wp-content\/uploads\/2024\/02\/TSJ-sentencia-arraigo-laboral-y-asilo-150x150.jpg"},"medium_large":{"file":"TSJ-sentencia-arraigo-laboral-y-asilo-768x512.jpg","width":768,"height":512,"filesize":80360,"mime_type":"image\/jpeg","source_url":"https:\/\/romuloparraabogado.com\/wp-content\/uploads\/2024\/02\/TSJ-sentencia-arraigo-laboral-y-asilo-768x512.jpg"},"responsive-100":{"file":"TSJ-sentencia-arraigo-laboral-y-asilo-100x67.jpg","width":100,"height":67,"filesize":2965,"mime_type":"image\/jpeg","source_url":"https:\/\/romuloparraabogado.com\/wp-content\/uploads\/2024\/02\/TSJ-sentencia-arraigo-laboral-y-asilo-100x67.jpg"},"responsive-150":{"file":"TSJ-sentencia-arraigo-laboral-y-asilo-150x100.jpg","width":150,"height":100,"filesize":5154,"mime_type":"image\/jpeg","source_url":"https:\/\/romuloparraabogado.com\/wp-content\/uploads\/2024\/02\/TSJ-sentencia-arraigo-laboral-y-asilo-150x100.jpg"},"responsive-200":{"file":"TSJ-sentencia-arraigo-laboral-y-asilo-200x133.jpg","width":200,"height":133,"filesize":7939,"mime_type":"image\/jpeg","source_url":"https:\/\/romuloparraabogado.com\/wp-content\/uploads\/2024\/02\/TSJ-sentencia-arraigo-laboral-y-asilo-200x133.jpg"},"responsive-300":{"file":"TSJ-sentencia-arraigo-laboral-y-asilo-300x200.jpg","width":300,"height":200,"filesize":15674,"mime_type":"image\/jpeg","source_url":"https:\/\/romuloparraabogado.com\/wp-content\/uploads\/2024\/02\/TSJ-sentencia-arraigo-laboral-y-asilo-300x200.jpg"},"responsive-450":{"file":"TSJ-sentencia-arraigo-laboral-y-asilo-450x300.jpg","width":450,"height":300,"filesize":32368,"mime_type":"image\/jpeg","source_url":"https:\/\/romuloparraabogado.com\/wp-content\/uploads\/2024\/02\/TSJ-sentencia-arraigo-laboral-y-asilo-450x300.jpg"},"responsive-600":{"file":"TSJ-sentencia-arraigo-laboral-y-asilo-600x400.jpg","width":600,"height":400,"filesize":52250,"mime_type":"image\/jpeg","source_url":"https:\/\/romuloparraabogado.com\/wp-content\/uploads\/2024\/02\/TSJ-sentencia-arraigo-laboral-y-asilo-600x400.jpg"},"responsive-900":{"file":"TSJ-sentencia-arraigo-laboral-y-asilo-900x600.jpg","width":900,"height":600,"filesize":106122,"mime_type":"image\/jpeg","source_url":"https:\/\/romuloparraabogado.com\/wp-content\/uploads\/2024\/02\/TSJ-sentencia-arraigo-laboral-y-asilo-900x600.jpg"},"full":{"file":"TSJ-sentencia-arraigo-laboral-y-asilo.jpg","width":1250,"height":833,"mime_type":"image\/jpeg","source_url":"https:\/\/romuloparraabogado.com\/wp-content\/uploads\/2024\/02\/TSJ-sentencia-arraigo-laboral-y-asilo.jpg"}},"image_meta":{"aperture":"0","credit":"Europa Press","camera":"","caption":"Bandera espa\u00f1ola en lo alto del edificio del Tribunal Supremo, en Madrid a 29 de noviembre de 2019.\r\n29 noviembre 2019, Justicia, Tribunal Supremo Espa\u00f1ol, \u00f3rgano judicial\r\nJes\u00fas Hell\u00edn \/ Europa Press\r\n  (Foto de ARCHIVO)\r\n29\/11\/2019","created_timestamp":"1574985600","copyright":"Europa Press 2019","focal_length":"0","iso":"0","shutter_speed":"0","title":"Im\u00e1genes de recurso del Tribunal Supremo","orientation":"1","keywords":["29 NOVIEMBRE 2019, JUSTICIA, TRIBUNAL SUPREMO ESPA\u00d1OL, \u00d3RGANO JUDICIAL, Jes\u00fas Hell\u00edn, category_code_new"]}},"post":4202,"source_url":"https:\/\/romuloparraabogado.com\/wp-content\/uploads\/2024\/02\/TSJ-sentencia-arraigo-laboral-y-asilo.jpg","_links":{"self":[{"href":"https:\/\/romuloparraabogado.com\/en\/wp-json\/wp\/v2\/media\/4208","targetHints":{"allow":["GET"]}}],"collection":[{"href":"https:\/\/romuloparraabogado.com\/en\/wp-json\/wp\/v2\/media"}],"about":[{"href":"https:\/\/romuloparraabogado.com\/en\/wp-json\/wp\/v2\/types\/attachment"}],"author":[{"embeddable":true,"href":"https:\/\/romuloparraabogado.com\/en\/wp-json\/wp\/v2\/users\/1"}],"replies":[{"embeddable":true,"href":"https:\/\/romuloparraabogado.com\/en\/wp-json\/wp\/v2\/comments?post=4208"}],"wp:attached-to":[{"embeddable":true,"post_type":"post","id":4202,"href":"https:\/\/romuloparraabogado.com\/en\/wp-json\/wp\/v2\/posts\/4202"}],"curies":[{"name":"wp","href":"https:\/\/api.w.org\/{rel}","templated":true}]}}

Imágenes de recurso del Tribunal Supremo

Bandera española en lo alto del edificio del Tribunal Supremo, en Madrid a 29 de noviembre de 2019.
29 noviembre 2019, Justicia, Tribunal Supremo Español, órgano judicial
Jesús Hellín / Europa Press
  (Foto de ARCHIVO)
29/11/2019

29 NOVIEMBRE 2019, JUSTICIA, TRIBUNAL SUPREMO ESPAÑOL, ÓRGANO JUDICIAL, Jesús Hellín, category_code_new
